f) be the first derivative of -3*f**4/4 + 246. Suppose 0 = 2*b - 6*b - 4. Give d(b).
3
Let q(b) be the third derivative of -b**5/60 + 7*b**4/24 - 3*b**3/2 + 3*b**2. Let l(o) = 8*o**2 + 20*o - 6. Let h be l(-3). What is q(h)?
-3
Let x(m) = 7*m - 5. Let g(t) = 56*t + 121. Let y(p) = g(p) - 2*x(p). What is y(-3)?
5
Let a(q) be the first derivative of -5*q**2/2 - 67*q + 1771. Give a(-13).
-2
Let f(n) = 2*n**2 - 7*n - 6. Let p(y) = 3*y**2 - 8*y - 7. Let u(r) = -7*f(r) + 6*p(r). Let t = 85 - 79. Suppose -t*o - 2 = -8. What is u(o)?
5
Let k be 2684/(-66)*(-3)/(-2). Let i = -59 - k. Suppose 2*u = -i*t, u + 0*t + 12 = -4*t. Let c(w) = -w**2 + 3*w + 3. Calculate c(u).
-1
Let l(q) be the first derivative of q**4/4 - 4*q**3/3 - 2*q**2 + 2*q + 2899. Let s be 5 - (-1)/4*0. Determine l(s).
7
Let w = -310 - -312. Let j(q) = -5*q - 13*q**w + 18*q**2 + 2 + 0*q**3 - q**3. Give j(4).
-2
Let i(n) = 435 - 79 + 5*n - 245. Determine i(-24).
-9
Let z(l) = 9*l - 857*l**2 + 0*l**3 - 849*l**2 + l**3 + 1699*l**2 + 0*l**3 + 12. Calculate z(5).
7
Let s = 51 + 115. Let b(w) = -86*w - w**3 + 1 - 3*w**2 + s*w - 78*w. Calculate b(-3).
-5
Let t = 12/493 + 3307/5916. Let a(y) be the second derivative of 0*y**2 - 2*y + 0 - t*y**4 - 1/6*y**3. What is a(-1)?
-6
Suppose 5*z = m - 2 + 14, -2*m + 21 = 5*z. Let r be -3*m/18*10. Let o(s) be the second derivative of s**4/12 + 5*s**3/6 - 7*s**2/2 + 360*s. What is o(r)?
-7
Let k(d) = d. Let x(i) = i - 9. Let f(u) = 1. Let j(r) = -36*f(r) - 4*x(r). Let n(w) = 4*j(w) + 10*k(w). Determine n(1).
-6
Let n(t) = 16*t - 9. Let a(d) = -2*d. Suppose -5 = 10*u - 15. Let y(g) = u*n(g) + 6*a(g). Give y(6).
15
Let u(s) = 59 + 34 + 1958*s - 22 - 1970*s. Calculate u(7).
-13
Let s = -15 - -21. Let q be 6/4 - 253/(-46). Let y(m) = m**2 + 3*m**2 - 3*m**2 - 1 - q*m + 3. What is y(s)?
-4
Let v(n) = 8*n**3 + 3*n**2 - 1. Let h = -4668 + 4667. Determine v(h).
-6
Let x(q) = 2 + 2 + 0 - q + 4. Let d be 4/26 + (-568)/(-26). Let a be (d/(-4) + (-6)/4)/(-1). What is x(a)?
1
Let f = 11 + -25. Let w(g) = -2*g - 31. Let c be w(f). Let o(i) = 5036*i**2 - 2*i**3 - i + 3*i**3 - 5034*i**2 + 2. What is o(c)?
-4
Let y(a) = -a**2 + 2*a + 83. Let g be y(10). Let h(b) = -b**2 - 7 + 2 - 3*b - g + 6. What is h(-2)?
0
Let s(a) = 1 + a**2 + 4*a + 6*a**3 - 18*a**2 + 6 + 7*a**2. Let z(o) = 7*o**3 - 11*o**2 + 5*o + 8. Let t(p) = 6*s(p) - 5*z(p). What is t(5)?
-3
Let l(q) = 16*q**2 - 13*q - 132. Let w(r) = 4*r**2 - 3*r - 32. Let g(c) = 2*l(c) - 9*w(c). Determine g(3).
-9
Let z(w) be the second derivative of 0 + 1/6*w**3 + 8*w + 7*w**2. Determine z(-7).
7
Let s(k) = 2*k + 16. Let m = 30162 - 30159. What is s(m)?
22
Let u(c) = c**2 + 5*c + 22*c - 24*c + 11*c + 3*c + 8. What is u(-17)?
8
Let a(y) be the first derivative of -85 - y**2 + 11/2*y**4 - y - 2/3*y**3. Calculate a(-1).
-23
Let i(t) = -t - 9. Let q = 169 - 169. Suppose 4*s + 51 - 23 = q. Determine i(s).
-2
Suppose 37*v = 41*v - 24. Suppose w - 4*w = -v*w. Suppose 3*k - 2*f + 8 = -w*k, 4*k + 9 = 3*f. Let a(d) = -2*d - 8. What is a(k)?
4
Let d(k) = 3*k**3 + 28*k**2 - 14*k + 47. Let w be d(-10). Let p(l) = -l**2 - 11*l + 29. Calculate p(w).
3
Let v = -43 - -50. Let f(p) = p**2 - 5*p + 10. Let w be f(v). Suppose -5*q + w = -9*q. Let s(o) = -o**2 - 5*o + 6. What is s(q)?
0
Let a(s) = -s**3 - 10*s**2 + 7 + 57 + 15*s - 49. Calculate a(-11).
-29
Suppose t - 23 = 3*l, 5*t + 3*l - 17 = 44. Suppose -10*w + 16 = -t. Let a(n) = 2*n - 4. Give a(w).
2
Let a(y) = -4*y**3 + 8*y**2 - 12*y + 1. Let h(p) = 5*p**3 - 9*p**2 + 13*p - 1. Let f(o) = 6*a(o) + 5*h(o). Let z = -30 - -25. Determine f(z).
-14
Let x = 4021 + -4005. Let o = -40 + 73. Let d(u) = 0*u - 19 - x + o - u. Give d(7).
-9
Let x(p) = 7 - 1 + 2*p - p**2 - 2. Let q be -3 - (1/(-1))/(-1)*-5. Suppose -11*l - 27 = -q*l. Calculate x(l).
-11
Suppose -126 = 3*z - 102. Let w(i) = -i + 20. Let m(x) = -2*x + 30. Let n(l) = -5*m(l) + 8*w(l). Give n(z).
-6
Let v(f) = -26 - 12 + 181*f - 212*f + 1. Calculate v(-1).
-6
Suppose 2*o - 5*o + 42 = 0. Let p(i) = 4*i**2 + 6*i**2 + 2*i**2 - o*i**2. Let m(z) = 34*z - 203. Let s be m(6). Determine p(s).
-2
Let i be -3 + (-38)/(-14) - (-535)/35. Suppose 0 = -3*h - 3*w - i, -h + 5*w - 1 = 2*w. Let b(t) = -t**3 - 5*t**2 - 4*t - 3. Determine b(h).
-3
Suppose y + 16 = 4*o, 5*y + 14 - 2 = 3*o. Let r(w) = 8*w + 6 - o - 4 - 9*w. Let g(u) = 4*u - 3. Let a be g(2). Calculate r(a).
-7
Let g = -4092 - -4094. Let c(t) = t**3 - 3*t**2 + 3*t - 3. Determine c(g).
-1
Suppose 129 - 117 = 4*a. Let u(b) be the first derivative of 5 + 2*b**2 - 5/3*b**3 + 0*b + 1/4*b**4. Give u(a).
-6
Let i(k) be the second derivative of k**4/12 - 3*k**3/2 - 3*k**2 - 7667*k. Calculate i(0).
-6
Let l(b) = 1597*b + 14373. Let i be l(-9). Let n(m) be the third derivative of -m**4/24 + 11*m**3/6 - m**2. Determine n(i).
11
Let p(c) be the second derivative of c**4/12 + 27*c**3/2 - 83*c**2/2 + 2832*c. Give p(1).
-1
Suppose -15*b = 42 + 63. Suppose -s - 4 + 11 = 0. Let y(t) = -t - 10 + 4*t**3 - s*t**2 - 6*t**3 + t**3. Calculate y(b).
-3
Let s(f) = -f - 3. Let u be s(-5). Let v be -2 - 1 - (u - 1). Let a(j) = -66*j**3 + 65*j**3 - 1 - 3 - 5*j**2 - j. Determine a(v).
-16
Let a(i) = -73*i**2 + 6*i + 163*i**2 - 91*i**2. Let l be 4*77/44*10/14. Give a(l).
5
Let z(j) be the third derivative of j**4/24 - 13*j**3/6 + 4*j**2. Let q(w) = -2 + 1 - 7*w**2 - 205*w**3 - 11*w + 204*w**3 - 4. Let h be q(-5). Determine z(h).
-13
Suppose 87*s - 297 = -11*s - s. Let q(l) = -9*l**2 + 11*l - 21. Calculate q(s).
-69
Let n(w) = -w**3 + 9*w**2 - 9*w + 2. Suppose -18*a = 5*t - 21*a + 660, -2*t - a - 264 = 0. Let b be (-4)/(-6)*t/(-11). Calculate n(b).
-6
Let h(o) be the third derivative of -5*o**4/12 + 3*o**3/2 + o**2 - 5*o - 203. Give h(3).
-21
Let v(l) = -10*l**3 + 25*l**2 - 15*l - 17. Let b(u) = -13*u**3 + 24*u**2 - 15*u - 19. Let n(a) = 4*b(a) - 5*v(a). Calculate n(-15).
9
Let x(y) be the second derivative of -y**4/12 - 4*y**3/3 - 37*y**2/2 - 29*y - 13. Give x(-7).
-30
Let m = -5807 + 5803. Let s(o) = 16*o + 12. Calculate s(m).
-52
Suppose 0 = 4*p - 3*n + 49 - 160, 0 = -4*p - 5*n + 103. Let u(x) = x**3 - 26*x**2 - 29*x + 51. Give u(p).
-3
Let u(g) be the third derivative of g**6/120 - g**5/12 - g**4/12 - g**3/6 - 10630*g**2. Calculate u(5).
-11
Let p(h) = h**3 - 8*h**2 + 14 - 1 - 368525*h + 368536*h - 98. Give p(8).
3
Let g(v) = -v**3 + v**2 + v - 16. Suppose 2*r + 3*f - f - 8 = 0, f = 3*r - 12. Suppose 8 = 3*p - 2*m, m - 11 = -5*p + r*p. Let x = p + -6. Determine g(x).
-16
Let j(i) = -i**2 + 6*i + 3. Let f(u) = 11*u - 60. Let l = 246 - 240. Let y be f(l). Give j(y).
3
Let k(i) = i**3 + 3*i**2 - 67*i + 3. Let g be k(-10). Let z(s) = s**3 + 26*s**2 - 27*s + 4. Give z(g).
4
Suppose j + 9 = 3*b, 3*j + 0*b + 3*b - 21 = 0. Suppose -j*t = t. Let k(i) = 52*i + 11. Let h(x) = 31*x + 6. Let f(y) = 5*h(y) - 3*k(y). Calculate f(t).
-3
Suppose s - 21 = 47*u - 49*u, -3*u = -s - 9. Let q(y) = -10*y + 94. What is q(s)?
4
Let o(h) = 53 + h**2 + h - 6*h**2 + 2*h**3 + 6*h**2 - 62 - 3*h. Calculate o(0).
-9
Let t(r) be the first derivative of -r**3/3 + 5*r**2/2 - 2*r + 180. Let k(a) = -a**2 + 6*a - 4. Let m(c) = -3*k(c) + 4*t(c). Suppose -7 = -3*y + 5. Give m(y).
-4
Let r(g) = 3*g + 2741632 - 2741626 - 5*g. Suppose -2*o - 54 = -4*o + m, -4*o - m + 102 = 0. Suppose -o = -2*c - 2*u, u + u = 10. Give r(c).
-10
Let s(z) = -z - 6. Let g(k) = -2*k - 10. Let t(l) = l + 5. Let u(i) = -3*g(i) - 5*t(i). Suppose 7 = 2*y + 19. Let j(p) = y*u(p) - 5*s(p). Determine j(-3).
3
Let v(j) = j**2 - 12*j + 21. Let k(a) = a + 6. Let q be k(-3). Suppose q*l = -2*l - 4*g + 35, -70 = -5*l + 3*g. Calculate v(l).
10
Suppose -10 = -11*z + 199. Let h(q) = 2*q**2 - 40*q + 28. Let x be h(z). Let b(g) = -g - 10. Calculate b(x).
0
Let u(h) = -h**3 - 6*h**2 + 7*h + 66. Let w be u(-6). Let s(i) = i**2 - 26*i + 52. Calculate s(w).
4
Let i be (-1 + 6)*(-27)/27. Let w(t) = -9*t - 8. Determine w(i).
37
Let n(y) = 3*y - 3*y**3 + 2508*y**2 + 2511*y**2 - 2 - 5026*y**2 + 0. Give n(-3).
7
Let m(b) be the first derivative of -b**6/120 + b**5/10 - b**4/24 + 2*b**3/3 - 115*b**2/2 - 26. Let i(a) be the second derivative of m(a). Give i(6).
-2
Let m(q) = -60*q**2 + 124*q - 10. Let r(h) = -7*h**2 + 14*h - 1. Let o(y) = 3*m(y) - 26*r(y). What is o(-6)?
20
Let d(c) = -2*c**2 + 26*c + 62. Let j(y) =